 -p**4/24 + p**3/2 - 2*p**2. Give a(s).
-2
Let x(d) = -d**2 + 4*d - 3. Let c(o) = -o. Let r be c(-6). Let w be r/(-9)*-15 + -1. Suppose 5*v + w = 2*a, 0 = -a - 0*a + 5*v + 7. Calculate x(a).
1
Let g(v) = -v**3 + 4*v**2 + 6*v - 1. Let k be g(-2). Let m(b) = -b**2 + 9*b + 7. What is m(k)?
-15
Let t(k) = -k**3 - k**2 + k + 1. Let s be t(-2). Suppose -3 = -z - s*p, 2*p + 29 = 5*z + 3*p. Let u(n) = 4 - z - 2*n**2 - n + 4. Determine u(-3).
-13
Let q(i) = 3*i**2 - 2*i. Let k(z) = -z**2 + z. Let r(g) = 9*k(g) + 4*q(g). Suppose c = 5*u, 2*c = 4*u + 3 + 3. Give r(u).
4
Let p(y) = -y**2 + 6*y + 3. Suppose -5*c + 7*c - 132 = 0. Let o be (-11)/c - 74/(-12). What is p(o)?
3
Let b(h) = h - 4. Let x(j) = -j**3 - 8*j**2 - 7*j + 5. Let k(n) = -n + 3. Let p be k(11). Let s(f) = f + 1. Let y be s(p). Let r be x(y). Calculate b(r).
1
Suppose 0 = -28*o + 14*o - 84. Let b(q) = -3 - 2*q - 7*q**2 + 2*q**3 - 3*q - 3*q**3. Give b(o).
-9
Let c(a) = -2*a**2 - 24*a - 20. Let f be c(-11). Let m(i) = 1 - 3*i**3 - i**2 + i**2 + 3*i + i**2 - i. Calculate m(f).
-15
Let n(o) = -o**2 - 5*o + 5. Let j(b) = -b**2 + 14*b - 12. Let k be j(13). Suppose -k = 2*a + a + 2*v, v - 7 = a. Let m be 5*(-2 + 5)/a. What is n(m)?
5
Let a(b) = b**2 - 8*b - 13. Suppose 2*z - 72 = -s - 29, 2*s - 76 = -2*z. Suppose -4*x = 4*f - 5*x - s, 4*x - 12 = 0. What is a(f)?
-4
Let s be 0 - (16/4 + (-7 - 1)). Let h(r) = 2*r**2 - 10*r - 2. Determine h(s).
-10
Let o(k) = -23*k + 4 + 1 - 6. Let r(t) = t**2 - 238*t + 6241. Let p be r(30). Give o(p).
-24
Suppose -3*q - 2 - 1 = 0. Let o(w) = w. Let u(s) = 8*s - 11. Let a(z) = -15*o(z) - 3*u(z). Let k(f) = -5*f + 4. Let r(m) = -4*a(m) + 33*k(m). Determine r(q).
9
Let k(x) be the third derivative of -x**6/120 + x**5/10 - x**4/8 - x**3/6 - 134*x**2. Give k(5).
9
Let r(v) = -v**3 - 8*v**2 - 6*v - 4. Let d be (-75)/12 - 1/(-4). Let k be r(d). Let g be 6/33 + k/(-22). Let n(i) = -2*i**2 - i. Calculate n(g).
-10
Let k = 396 - 406. Let x(m) = -m**2 - 10*m - 7. What is x(k)?
-7
Let a(g) be the second derivative of -5*g**4/12 - g**3/6 + 73*g - 1. Calculate a(2).
-22
Let m(k) be the third derivative of k**4/6 - k**3/3 + 273*k**2. Determine m(2).
6
Let i(j) = -3 + 2*j**2 - j**3 + 4*j + 2*j**2 - 3*j**2. Suppose 4*k = 3 + 1. Let x = k + 1. What is i(x)?
1
Let y be 0 + 0 + (-3 - -2) + 3. Let z(u) = -5*u**2 + 2*u. Give z(y).
-16
Let b(j) = 241*j + 242*j + 246*j + 246*j - 976*j + 6. Let t be (-12)/(-2) + 1 + -1. Calculate b(t).
0
Let w(b) = -11*b + 1. Let l be w(-1). Suppose 5*d = 78 + l. Let u be (-12)/14*(-126)/d. Let i(v) = -v**3 + 6*v**2 - v + 8. Give i(u).
2
Let a(n) = n**2 + n - 1. Let z = -10 + 11. Suppose -2 = 2*y - 16. Suppose -6*k - z = -y*k. Determine a(k).
1
Let c(m) be the first derivative of -m**2 + 19*m + 70. What is c(6)?
7
Suppose 6*h = 2*h + 4. Let t(n) = 6*n - 5. Let j(l) = -1 - 4 + 7 - 1. Let a(o) = -6*j(o) - t(o). Calculate a(h).
-7
Let a(s) be the second derivative of s**5/120 + s**4/6 - 13*s**3/6 + 4*s. Let k(p) be the second derivative of a(p). Determine k(-4).
0
Let g(v) = 409153 - 6*v**2 - 4*v**3 + 3*v**3 - 409161. Calculate g(-6).
-8
Let r be 0/2 - -2 - 0. Suppose r*t + 2 = -4*c, -2*c - 3 = c + 2*t. Let q(b) = -2*b**2 + c + 5*b**3 - 10*b**3 + 6*b**3. Give q(-1).
-2
Let v = -2 - -5. Let i(q) = -5*q**2 + 16*q + 3. Let p(m) = -14*m**2 + 45*m + 8. Let c(u) = -11*i(u) + 4*p(u). Give c(v).
2
Let m = 4 + -6. Let o(i) be the first derivative of -i**4/4 + i**3/3 + i**2 - i - 39. What is o(m)?
7
Let k(h) = 2*h - 5. Suppose -5*s + 124 = 34. Let p be 6/20*(-15)/(-9)*6. Let t be (0 + 1/p)*s. What is k(t)?
7
Let d be 0*(14/(-4))/7. Suppose -6*p + 163 - 25 = d. Let n = 27 - p. Let s(m) = -m**3 + 6*m**2 - 5*m + 2. Determine s(n).
14
Let t(u) = -11*u**2 + 0 - u + 0. Suppose -5*b + 2288 = 6*b. Let f = 207 - b. What is t(f)?
-10
Let o(z) = -3*z + 6. Let a be 91/14 - 1/2. Let h be ((-2)/4)/(2/(-8)). Suppose 3*d + 4 - 1 = h*n, -2*n = -2*d - a. Give o(n).
-12
Let i(z) = -z**3 - 10*z**2 + 58*z - 6. Let r be i(4). Let w(v) be the first derivative of 3/2*v**r + 2*v - 5/3*v**3 - 6 + 1/4*v**4. Give w(3).
-7
Let d be ((-2)/5)/(-2 + (-39)/(-20)). Suppose 4 = 9*r - d*r. Let p(k) = k + 5. Give p(r).
9
Let f(n) be the third derivative of n**6/120 + n**5/6 - 187*n**2. Calculate f(-10).
0
Let d = -1 + 3. Let u(j) = -43 - j**3 - 34 + 78. Give u(d).
-7
Let z = -2 + -3. Let f(b) = b. Let s(n) = -n**2 + 2*n + 26 + 0*n - 31. Let y(p) = z*f(p) + s(p). Determine y(-4).
-9
Suppose 0 = 94*p - 89*p - 10. Let b be (-4)/3*6/(-4). Let h(a) = -p*a - b*a - 3*a + 3*a. Determine h(1).
-4
Let k be (-4)/10 - 0 - 102/170. Let q(b) = -b**2 + 8*b - 2. Let n be q(6). Let a(d) = 0 + 1 + n*d + 7*d + d. Calculate a(k).
-17
Let w(u) = 42 + u + 7 - 23 + 2*u. Calculate w(-9).
-1
Let z(o) = -2*o + 4. Let d be z(3). Let f(m) = -7*m + 1 - 4*m - 3*m + 25*m - 9*m. Calculate f(d).
-3
Suppose 9*s + 48 = 84. Let n(u) = -u**2 + 7*u - 10. Determine n(s).
2
Suppose -4*k + 14 = -5*j + 4, -10 = -5*j. Let p(f) = f**3 - 6*f**2 + 4*f + 9. Let n be p(k). Let a(r) = 3 - 2*r - 6 + 2. What is a(n)?
-9
Let d(p) = -p**2 + 5*p - 4. Let z be d(3). Let t(m) = -6*m - 2. Calculate t(z).
-14
Let w = 3 - 1. Let z(l) = -l + 5*l - 6*l - l**2 + 3*l - w. Let b be z(2). Let p(g) = -g - 2. Calculate p(b).
2
Let b(t) = t**2 + t - 14. Let f(s) = -s**2 + 16. Let o(j) = -5*b(j) - 4*f(j). Suppose 2*g + 8 + 4 = 0. What is o(g)?
0
Let x(c) = 12*c + 8 + 2*c**2 - 5*c - 3*c**2. Suppose 4*j = 2*j - 2*h, -6 = 2*h. Suppose -4*w + 3*v = -0*w - 24, 0 = -j*w - 2*v + 18. Give x(w).
14
Let i = 89 + -14. Let u(t) = 5 - 41*t - 36*t + i*t. Calculate u(4).
-3
Let q be ((-64)/112)/(6/(-14)). Let t(g) be the third derivative of -5/24*g**4 + q*g**3 + g**2 - 1/60*g**5 + 0 + 0*g. What is t(-7)?
-6
Let u be (-9)/(-36) + 62/8. Let b be (u/10)/((-2)/(-10)). Let l(a) = -8 + 0 + 3*a - b*a. What is l(-4)?
-4
Let p(h) = h**3 + h - 1. Suppose 8*k - 3*k - 100 = 0. Let l be 7/4 + 5/k. Suppose 2*z + l = 3*z. What is p(z)?
9
Let h(r) = r + 6. Let l(c) = -c - 5. Let w(n) = -3*h(n) - 2*l(n). Let p be w(-10). Let b(f) = 16*f**2 + 4 - p - 17*f**2. Determine b(3).
-7
Let t(b) be the second derivative of -b**5/20 + b**4/2 - 5*b**3/6 - 4*b**2 - 61*b. Give t(6).
-38
Suppose 3*k + 2*k + 20 = 4*n, -8 = -n + 2*k. Let b(v) = -v**2 - v + 4. What is b(n)?
4
Let x(q) = -4*q - 2. Let k = -85 + 97. Suppose -s - 5*g = -15, -2*s + 4*g - 5*g + 30 = 0. Suppose -s*o = -k*o + 6. Calculate x(o).
6
Let n(v) = -v**3 + 6*v**2 + 7*v + 2. Let j(h) be the first derivative of -3*h**2 - 5*h + 16. Let c be j(-2). Calculate n(c).
2
Let p(v) = -10 - 5*v - 5 - 4. Let s(h) = 9*h + 37. Let t(g) = 11*p(g) + 6*s(g). Determine t(8).
5
Let n(p) = p**2 + 14*p + 10. Let y be n(-10). Let j be (-135)/y + (-2)/4. Let g(q) = 3*q - 5. Calculate g(j).
7
Suppose 3 + 1 = k. Let m(o) = o**2 - 60 + 59 + 3*o**2 - o**3. Give m(k).
-1
Let d(v) be the third derivative of -3*v**2 + 0*v + 7/60*v**5 - 7/24*v**4 + 0 + 1/120*v**6 + 3/2*v**3. Let f = 352 + -360. Calculate d(f).
1
Let s be 3 + 1 + 3 + -1. Let u(a) = -9*a + 4 + 1 + a**2 - 4*a**3 + 5*a**3 - s*a**2. Give u(6).
-13
Let u(h) = h**3 - 3*h**2 - h + 3. Let s(t) = 3*t**2 + 11*t + 11. Let l be s(-1). Determine u(l).
0
Let p(y) be the second derivative of -y**4/12 - y**3/6 - 5*y**2/2 + 17*y + 5. Determine p(0).
-5
Suppose 3*o + 32 = 5*o + p, -2*o - 2*p = -36. Let w(i) = i**3 - 15*i**2 + 12*i + 22. Calculate w(o).
-6
Let d = 11 - 9. Let v be ((-3 + 3)/(-1))/d. Let z(g) = g**3 + g + 5. Calculate z(v).
5
Let l(d) = -d**3 + 29*d**2 - 56*d + 64. Let h be l(27). Let v(x) = -2*x + 2. Give v(h).
-18
Let v = -1128 - -1136. Let r(y) = -y**3 + 8*y**2 - y - 4. Determine r(v).
-12
Let d(a) = a**2 - 6*a - 6. Let p be 466/10 + (-2)/(-5). Let w = p + -40. Determine d(w).
1
Let r(g) = 0*g - g + 0*g - 2. Suppose 4*n = -4*l - 60, -l = -2*l - 3. Let y = n + 7. Calculate r(y).
3
Let l be 5 - 5/((-15)/9). Let o = -6 + l. Let y(a) = 7*a - 7*a**o + 2 + 0*a**2 + a**3 - 5 - 6. What is y(6)?
-3
Suppose 0 = 2*q - 2*s - 22, s = -4*s - 20. Suppose q*k - 10*k = 0. Let u(p) = -p - 15. Calculate u(k).
-15
Let a be (2 + (-2 - 2))*(-10)/(-4). Let y(t) = -2*t**3 + 3*t**3 + 4*t**2 - 7 + 5 - 7*t. Calculate y(a).
8
Let h(k) be the first derivative of 0*k**5 - 4/3*k**3 - 1/360*k**6 + 1/6*k**4 + 0*k + 4 + 0*k**2. Let r(t) be the thir